{"id":132,"date":"2020-04-23T23:16:50","date_gmt":"2020-04-23T21:16:50","guid":{"rendered":"http:\/\/ecoledupheny.fr\/?page_id=132"},"modified":"2020-04-23T23:16:50","modified_gmt":"2020-04-23T21:16:50","slug":"reglement-location-des-locaux","status":"publish","type":"page","link":"https:\/\/ecoledupheny.fr\/index.php\/reglement-location-des-locaux\/","title":{"rendered":"R\u00e8glement location des locaux"},"content":{"rendered":"\n<h2 class=\"wp-block-heading\">\u00c0 LA R\u00c9CEPTION DU CONTRAT<\/h2>\n\n\n\n<ul class=\"wp-block-list\"><li>Bien lire le r\u00e8glement et le signer<\/li><li>Nous retourner un exemplaire du contrat sign\u00e9<\/li><li>Joindre \u00e0 cet envoi le montant des arrhes<\/li><\/ul>\n\n\n\n<h2 class=\"wp-block-heading\">SEMAINE PR\u00c9C\u00c9DANT VOTRE ARRIV\u00c9E<\/h2>\n\n\n\n<ul class=\"wp-block-list\"><li>T\u00e9l\u00e9phoner \u00e0 l&rsquo;association pour prendre rendez-vous avec la personne de permanence charg\u00e9e de votre accueil.<\/li><\/ul>\n\n\n\n<h2 class=\"wp-block-heading\">\u00c0 VOTRE ARRIV\u00c9E<\/h2>\n\n\n\n<p><strong>(soyez \u00e0 l&rsquo;heure au rendez-vous ! En cas de retard, pr\u00e9venez la personne de permanence)<\/strong><\/p>\n\n\n\n<ul class=\"wp-block-list\"><li>Visite des lieux<\/li><li>La personne qui vous accueille vous donne toutes les consignes et vous explique le fonctionnement des appareils<\/li><li>Remise des cl\u00e9s<\/li><li>Versement d&rsquo;un ch\u00e8que de caution<\/li><li>Prendre rendez-vous pour l&rsquo;\u00e9tat des lieux au moment du d\u00e9part<\/li><\/ul>\n\n\n\n<h2 class=\"wp-block-heading\">PENDANT VOTRE S\u00c9JOUR<\/h2>\n\n\n\n<ul class=\"wp-block-list\"><li>Les voitures doivent se garer dans le parking pr\u00e9vu \u00e0 cet effet<\/li><li>Ne pas stationner dans la cour entre les deux b\u00e2timents (sauf chargement et d\u00e9chargement)<\/li><\/ul>\n\n\n\n<h2 class=\"wp-block-heading\">LES LOCAUX<\/h2>\n\n\n\n<ul class=\"wp-block-list\"><li>Il est interdit de fumer \u00e0 l&rsquo;int\u00e9rieur des locaux<\/li><li>Ils sont lou\u00e9s en gestion libre. Les locataires doivent donc amener les produits d&rsquo;entretien ainsi que les torchons et\/ou serviettes de bain et n\u00e9cessaire de toilette.<\/li><li>Pour le dortoir, 14 couchages sont disponibles, les draps et couverture sont fournis, les locataires doivent apporter leurs sacs de couchage et oreillers si besoin<\/li><li>L&rsquo;\u00e9cole est isol\u00e9e mais des voisins dont il faut respecter la tranquillit\u00e9 habitent \u00e0 proximit\u00e9. Il faut donc \u00e9viter les nuisances sonores notamment apr\u00e8s 22 heures.<\/li><li>En ce qui concerne la grande salle : la musique n&rsquo;est pas autoris\u00e9e (un appartement lou\u00e9 \u00e0 l&rsquo;ann\u00e9e existe \u00e0 l&rsquo;\u00e9tage)<\/li><\/ul>\n\n\n\n<h2 class=\"wp-block-heading\">DORTOIR<\/h2>\n\n\n\n<p>Trois r\u00e8gles \u00e0 respecter<\/p>\n\n\n\n<ul class=\"wp-block-list\"><li>Ne pas y monter en chaussures<\/li><li>Ne pas y manger<\/li><li>Ne pas y loger des animaux<\/li><\/ul>\n\n\n\n<h2 class=\"wp-block-heading\">P\u00c9NALIT\u00c9S<\/h2>\n\n\n\n<ul class=\"wp-block-list\"><li>En cas de draps salis, une p\u00e9nalit\u00e9 de 2 EUR par lit sera demand\u00e9e<\/li><li>En cas de m\u00e9nage mal ou non effectu\u00e9 en fin de location, une somme de 30 EUR devra \u00eatre vers\u00e9e<\/li><li>En cas de bris, chaque pi\u00e8ce de vaisselle cass\u00e9e sera factur\u00e9e 1,5 EUR (chaque salle comporte un inventaire pour la vaisselle)<\/li><\/ul>\n\n\n\n<h2 class=\"wp-block-heading\">AU MOMENT DU D\u00c9PART<\/h2>\n\n\n\n<ul class=\"wp-block-list\"><li>Les lieux doivent \u00eatre rendus dans le m\u00eame \u00e9tat de propret\u00e9 qu&rsquo;ils ont \u00e9t\u00e9 trouv\u00e9s \u00e0 l&rsquo;arriv\u00e9e<\/li><li>En cas de d\u00e9gradation importante ou r\u00e9p\u00e9t\u00e9e, nous nous r\u00e9servons le droit de faire participer les locataires aux r\u00e9parations<\/li><li>La personne de permanence fait le d\u00e9compte des charges (voir feuille), et \u00e9tablit votre facture.<\/li><\/ul>\n\n\n\n<p>UN EXEMPLAIRE DE CE REGLEMENT SERA REMIS POUR SIGNATURE PREALABLE.<\/p>\n","protected":false},"excerpt":{"rendered":"<p>\u00c0 LA R\u00c9CEPTION DU CONTRAT Bien lire le r\u00e8glement et le signer Nous retourner un exemplaire du contrat sign\u00e9 Joindre \u00e0 cet envoi le montant des arrhes SEMAINE PR\u00c9C\u00c9DANT VOTRE ARRIV\u00c9E T\u00e9l\u00e9phoner \u00e0 l&rsquo;association pour prendre rendez-vous avec la personne de permanence charg\u00e9e de votre accueil. \u00c0 VOTRE ARRIV\u00c9E (soyez \u00e0 l&rsquo;heure au rendez-vous ! &hellip; <\/p>\n<p class=\"link-more\"><a href=\"https:\/\/ecoledupheny.fr\/index.php\/reglement-location-des-locaux\/\" class=\"more-link\">Continuer la lecture<span class=\"screen-reader-text\"> de &laquo;&nbsp;R\u00e8glement location des locaux&nbsp;&raquo;<\/span><\/a><\/p>\n","protected":false},"author":1,"featured_media":0,"parent":0,"menu_order":0,"comment_status":"closed","ping_status":"closed","template":"","meta":{"footnotes":""},"class_list":["post-132","page","type-page","status-publish","hentry"],"yoast_head":"<!-- This site is optimized with the Yoast SEO plugin v20.1 - https:\/\/yoast.com\/wordpress\/plugins\/seo\/ -->\n<title>R\u00e8glement location des locaux - L&#039; Ecole du Pheny<\/title>\n<meta name=\"robots\" content=\"index, follow, max-snippet:-1, max-image-preview:large, max-video-preview:-1\" \/>\n<link rel=\"canonical\" href=\"https:\/\/ecoledupheny.fr\/index.php\/reglement-location-des-locaux\/\" \/>\n<meta property=\"og:locale\" content=\"fr_FR\" \/>\n<meta property=\"og:type\" content=\"article\" \/>\n<meta property=\"og:title\" content=\"R\u00e8glement location des locaux - L&#039; Ecole du Pheny\" \/>\n<meta property=\"og:description\" content=\"\u00c0 LA R\u00c9CEPTION DU CONTRAT Bien lire le r\u00e8glement et le signer Nous retourner un exemplaire du contrat sign\u00e9 Joindre \u00e0 cet envoi le montant des arrhes SEMAINE PR\u00c9C\u00c9DANT VOTRE ARRIV\u00c9E T\u00e9l\u00e9phoner \u00e0 l&rsquo;association pour prendre rendez-vous avec la personne de permanence charg\u00e9e de votre accueil. \u00c0 VOTRE ARRIV\u00c9E (soyez \u00e0 l&rsquo;heure au rendez-vous ! &hellip; Continuer la lecture de &laquo;&nbsp;R\u00e8glement location des locaux&nbsp;&raquo;\" \/>\n<meta property=\"og:url\" content=\"https:\/\/ecoledupheny.fr\/index.php\/reglement-location-des-locaux\/\" \/>\n<meta property=\"og:site_name\" content=\"L&#039; Ecole du Pheny\" \/>\n<meta property=\"article:publisher\" content=\"https:\/\/www.facebook.com\/pages\/Association-Ecole-du-Ph%c3%a9ny\/115051979046192\" \/>\n<meta name=\"twitter:card\" content=\"summary_large_image\" \/>\n<meta name=\"twitter:label1\" content=\"Dur\u00e9e de lecture estim\u00e9e\" \/>\n\t<meta name=\"twitter:data1\" content=\"2 minutes\" \/>\n<script type=\"application\/ld+json\" class=\"yoast-schema-graph\">{\"@context\":\"https:\/\/schema.org\",\"@graph\":[{\"@type\":\"WebPage\",\"@id\":\"https:\/\/ecoledupheny.fr\/index.php\/reglement-location-des-locaux\/\",\"url\":\"https:\/\/ecoledupheny.fr\/index.php\/reglement-location-des-locaux\/\",\"name\":\"R\u00e8glement location des locaux - L&#039; Ecole du Pheny\",\"isPartOf\":{\"@id\":\"https:\/\/ecoledupheny.fr\/#website\"},\"datePublished\":\"2020-04-23T21:16:50+00:00\",\"dateModified\":\"2020-04-23T21:16:50+00:00\",\"breadcrumb\":{\"@id\":\"https:\/\/ecoledupheny.fr\/index.php\/reglement-location-des-locaux\/#breadcrumb\"},\"inLanguage\":\"fr-FR\",\"potentialAction\":[{\"@type\":\"ReadAction\",\"target\":[\"https:\/\/ecoledupheny.fr\/index.php\/reglement-location-des-locaux\/\"]}]},{\"@type\":\"BreadcrumbList\",\"@id\":\"https:\/\/ecoledupheny.fr\/index.php\/reglement-location-des-locaux\/#breadcrumb\",\"itemListElement\":[{\"@type\":\"ListItem\",\"position\":1,\"name\":\"Accueil\",\"item\":\"https:\/\/ecoledupheny.fr\/\"},{\"@type\":\"ListItem\",\"position\":2,\"name\":\"R\u00e8glement location des locaux\"}]},{\"@type\":\"WebSite\",\"@id\":\"https:\/\/ecoledupheny.fr\/#website\",\"url\":\"https:\/\/ecoledupheny.fr\/\",\"name\":\"L&#039; Ecole du Pheny\",\"description\":\"\",\"publisher\":{\"@id\":\"https:\/\/ecoledupheny.fr\/#organization\"},\"potentialAction\":[{\"@type\":\"SearchAction\",\"target\":{\"@type\":\"EntryPoint\",\"urlTemplate\":\"https:\/\/ecoledupheny.fr\/?s={search_term_string}\"},\"query-input\":\"required name=search_term_string\"}],\"inLanguage\":\"fr-FR\"},{\"@type\":\"Organization\",\"@id\":\"https:\/\/ecoledupheny.fr\/#organization\",\"name\":\"Ecole du Pheny\",\"url\":\"https:\/\/ecoledupheny.fr\/\",\"logo\":{\"@type\":\"ImageObject\",\"inLanguage\":\"fr-FR\",\"@id\":\"https:\/\/ecoledupheny.fr\/#\/schema\/logo\/image\/\",\"url\":\"https:\/\/ecoledupheny.fr\/wp-content\/uploads\/2020\/04\/logo_ecole_pheny_petit-1.png\",\"contentUrl\":\"https:\/\/ecoledupheny.fr\/wp-content\/uploads\/2020\/04\/logo_ecole_pheny_petit-1.png\",\"width\":100,\"height\":96,\"caption\":\"Ecole du Pheny\"},\"image\":{\"@id\":\"https:\/\/ecoledupheny.fr\/#\/schema\/logo\/image\/\"},\"sameAs\":[\"https:\/\/www.facebook.com\/pages\/Association-Ecole-du-Ph\u00e9ny\/115051979046192\"]}]}<\/script>\n<!-- \/ Yoast SEO plugin. -->","yoast_head_json":{"title":"R\u00e8glement location des locaux - L&#039; Ecole du Pheny","robots":{"index":"index","follow":"follow","max-snippet":"max-snippet:-1","max-image-preview":"max-image-preview:large","max-video-preview":"max-video-preview:-1"},"canonical":"https:\/\/ecoledupheny.fr\/index.php\/reglement-location-des-locaux\/","og_locale":"fr_FR","og_type":"article","og_title":"R\u00e8glement location des locaux - L&#039; Ecole du Pheny","og_description":"\u00c0 LA R\u00c9CEPTION DU CONTRAT Bien lire le r\u00e8glement et le signer Nous retourner un exemplaire du contrat sign\u00e9 Joindre \u00e0 cet envoi le montant des arrhes SEMAINE PR\u00c9C\u00c9DANT VOTRE ARRIV\u00c9E T\u00e9l\u00e9phoner \u00e0 l&rsquo;association pour prendre rendez-vous avec la personne de permanence charg\u00e9e de votre accueil. \u00c0 VOTRE ARRIV\u00c9E (soyez \u00e0 l&rsquo;heure au rendez-vous ! &hellip; Continuer la lecture de &laquo;&nbsp;R\u00e8glement location des locaux&nbsp;&raquo;","og_url":"https:\/\/ecoledupheny.fr\/index.php\/reglement-location-des-locaux\/","og_site_name":"L&#039; Ecole du Pheny","article_publisher":"https:\/\/www.facebook.com\/pages\/Association-Ecole-du-Ph%c3%a9ny\/115051979046192","twitter_card":"summary_large_image","twitter_misc":{"Dur\u00e9e de lecture estim\u00e9e":"2 minutes"},"schema":{"@context":"https:\/\/schema.org","@graph":[{"@type":"WebPage","@id":"https:\/\/ecoledupheny.fr\/index.php\/reglement-location-des-locaux\/","url":"https:\/\/ecoledupheny.fr\/index.php\/reglement-location-des-locaux\/","name":"R\u00e8glement location des locaux - L&#039; Ecole du Pheny","isPartOf":{"@id":"https:\/\/ecoledupheny.fr\/#website"},"datePublished":"2020-04-23T21:16:50+00:00","dateModified":"2020-04-23T21:16:50+00:00","breadcrumb":{"@id":"https:\/\/ecoledupheny.fr\/index.php\/reglement-location-des-locaux\/#breadcrumb"},"inLanguage":"fr-FR","potentialAction":[{"@type":"ReadAction","target":["https:\/\/ecoledupheny.fr\/index.php\/reglement-location-des-locaux\/"]}]},{"@type":"BreadcrumbList","@id":"https:\/\/ecoledupheny.fr\/index.php\/reglement-location-des-locaux\/#breadcrumb","itemListElement":[{"@type":"ListItem","position":1,"name":"Accueil","item":"https:\/\/ecoledupheny.fr\/"},{"@type":"ListItem","position":2,"name":"R\u00e8glement location des locaux"}]},{"@type":"WebSite","@id":"https:\/\/ecoledupheny.fr\/#website","url":"https:\/\/ecoledupheny.fr\/","name":"L&#039; Ecole du Pheny","description":"","publisher":{"@id":"https:\/\/ecoledupheny.fr\/#organization"},"potentialAction":[{"@type":"SearchAction","target":{"@type":"EntryPoint","urlTemplate":"https:\/\/ecoledupheny.fr\/?s={search_term_string}"},"query-input":"required name=search_term_string"}],"inLanguage":"fr-FR"},{"@type":"Organization","@id":"https:\/\/ecoledupheny.fr\/#organization","name":"Ecole du Pheny","url":"https:\/\/ecoledupheny.fr\/","logo":{"@type":"ImageObject","inLanguage":"fr-FR","@id":"https:\/\/ecoledupheny.fr\/#\/schema\/logo\/image\/","url":"https:\/\/ecoledupheny.fr\/wp-content\/uploads\/2020\/04\/logo_ecole_pheny_petit-1.png","contentUrl":"https:\/\/ecoledupheny.fr\/wp-content\/uploads\/2020\/04\/logo_ecole_pheny_petit-1.png","width":100,"height":96,"caption":"Ecole du Pheny"},"image":{"@id":"https:\/\/ecoledupheny.fr\/#\/schema\/logo\/image\/"},"sameAs":["https:\/\/www.facebook.com\/pages\/Association-Ecole-du-Ph\u00e9ny\/115051979046192"]}]}},"_links":{"self":[{"href":"https:\/\/ecoledupheny.fr\/index.php\/wp-json\/wp\/v2\/pages\/132","targetHints":{"allow":["GET"]}}],"collection":[{"href":"https:\/\/ecoledupheny.fr\/index.php\/wp-json\/wp\/v2\/pages"}],"about":[{"href":"https:\/\/ecoledupheny.fr\/index.php\/wp-json\/wp\/v2\/types\/page"}],"author":[{"embeddable":true,"href":"https:\/\/ecoledupheny.fr\/index.php\/wp-json\/wp\/v2\/users\/1"}],"replies":[{"embeddable":true,"href":"https:\/\/ecoledupheny.fr\/index.php\/wp-json\/wp\/v2\/comments?post=132"}],"version-history":[{"count":1,"href":"https:\/\/ecoledupheny.fr\/index.php\/wp-json\/wp\/v2\/pages\/132\/revisions"}],"predecessor-version":[{"id":133,"href":"https:\/\/ecoledupheny.fr\/index.php\/wp-json\/wp\/v2\/pages\/132\/revisions\/133"}],"wp:attachment":[{"href":"https:\/\/ecoledupheny.fr\/index.php\/wp-json\/wp\/v2\/media?parent=132"}],"curies":[{"name":"wp","href":"https:\/\/api.w.org\/{rel}","templated":true}]}}